ate (-59 - (2 - -2)) + (75 - 66) + 10 - 9.
-53
Evaluate (14 - 1) + (-29 - (-40 + -11 + 11)).
24
Evaluate -47 + 12 + (28 - (11 - 2)).
-16
Evaluate 1 - 0 - (37 + -88 + 13 + -13 + 2).
50
What is 2 + 7 + (-13 + 6 + 58 + 3 - 5)?
58
What is the value of (0 - -81) + (-94 - -77) + (9 - 0)?
73
Evaluate -13 + (12 + -8 - (-3 + 53 + 0)).
-59
Calculate -13 + -43 + 25 - (0 + 2 + 5).
-38
Evaluate (9 - (-3 + -1)) + 87 + -189.
-89
What is the value of -72 + 20 + -3 + -25 + 11?
-69
Calculate (-4 - (23 + -11)) + (-75 - -61 - (1 + -76)).
45
Evaluate (56 - 27) + -9 + 0 - -29.
49
Evaluate 6 + -3 + 24 - (-841 - -881).
-13
Evaluate (4 - 13) + (-34 - -16) + 9 - (0 + -1).
-17
What is -3 + 0 - (5 - 63 - (4 - (-4 + 7)))?
56
Calculate (-12 - 0) + (192 - 171) + (-54 - -7 - -2).
-36
What is the value of (-56 - -30) + 17 + -5 + 73?
59
What is the value of -20 - (-19 - (-47 - 0))?
-48
Evaluate 55 - (60 + 10) - ((4 - 15) + -6).
2
Evaluate 44 - (-47 + -3 + 16) - 12.
66
Calculate (-7 - (-11 + -3)) + 8 + -44.
-29
-39 + -2 - 2 - 20
-63
What is the value of 558 - 566 - (0 + -1 - -6) - -69?
56
What is -3 + (12 + -3 + -2 - 3 - (34 + -1))?
-32
Calculate 2 + -6 + -4 - (-79 + 0 - (-118 - -108)).
61
50 + -13 + 10 - (4 - (9 - 7))
45
Evaluate 87 + -12 + 12 + -40 + -12.
35
1417 - 1323 - (1 + 78)
15
What is the value of -40 + 18 - (1 - -1 - (-22 + 22))?
-24
Calculate 4922 + -4942 + (-25 - 0).
-45
Evaluate (96 - 142) + 0 + -2 - -26.
-22
Evaluate 11 + (-12 - (12 - (10 - (-26 - -12)))) - -37.
48
Evaluate 0 - -9 - (110 - 100).
-1
Evaluate (-7 + 0 - (-2 + (-16 - -10) + 8)) + 0.
-7
What is -52 - (-150 - (-129 - -86))?
55
What is -25 + (6 + 1 - 18 - (-12 + 9))?
-33
172 - 141 - (-9 + (2 - 1 - 1))
40
Calculate (13 - -3) + -103 + (5 - 6) + -11.
-99
Evaluate 22 - (-9 + -6 - -78).
-41
What is -54 - (-40 + 15 + 13 + 2 - 5)?
-39
What is the value of 74 - (888 + -883 + (-3 - -1))?
71
What is the value of (46 - 30) + -5 + -54 + (1 - -1)?
-41
Evaluate -3 - (-28 + -5 + 18 + 34).
-22
Evaluate (-4 - -1) + 3 + (-90 - -152) + -51 - -31.
42
What is the value of 160 - -2 - (4956 - 4856)?
62
Calculate -7 - (-69 + 2) - (20 + -40 + 13).
67
Calculate 9 + (5 + -1 - ((2 - (-11 + -1)) + -7)).
6
What is (54 - 7) + -2 - 12?
33
What is (-807 - -812) + (8 + -4 - 85)?
-76
What is -1 + 0 - (-160 - -230 - (2 - -16))?
-53
Calculate (-74 + 79 - (-1 - 1)) + 13 - 114.
-94
-75 - (5 + -23 + 11) - -13
-55
What is the value of (-154 - -105 - 75) + 36?
-88
Evaluate 0 + 19 - (-22 - 53 - -85).
9
What is 2 - ((-33 + (-36 - -60) - (1 - 4)) + 6)?
2
What is -2 + 3 + -2 + -2 - (-2699 + 2724)?
-28
8 - 0 - -3 - -26 - (9 + 1)
27
Calculate -7 + 59 + 23 + -6 + -27.
42
Calculate -17 - -8 - -12 - (18 + (-15 - -7 - -9)).
-16
What is -273 - (-72 - (-68 - -121))?
-148
Evaluate 3 - (-185 + 269 - ((1 - 22) + 5)).
-97
Calculate (-9 - (-19 + 15) - -41) + -70.
-34
Evaluate (-19 + 25 + -5 - -26) + -37.
-10
Calculate 44 + 3 + -29 + 14.
32
What is (-12 - (-4 + -14)) + (-1 - (-13 + -2))?
20
What is the value of -3 - 15 - (-55 + 55) - (240 - 133)?
-125
Evaluate 96 + 118 + -197 + -61.
-44
What is -89 + 41 + 73 + -32?
-7
Calculate -330 - -26 - -287 - (-1 + 69).
-85
Evaluate -12 + 6 + 24 + 113 + -108.
23
What is the value of -28 - (-52 - (-2 - 29)) - (-3 - -104)?
-108
What is the value of (-110 - (-104 + 61)) + 131?
64
9 + -29 - 45 - (1 - 10)
-56
0 + 19 + (-635 - -648) - 14
18
(51 - (9 + 7)) + (7 - (6 - -3))
33
What is (-20 + (-11 - -21) - -6) + -42?
-46
What is the value of (29 - -12) + 13 + (4 - -6 - 5)?
59
(-2 - -5) + 10 - (-169 + 183)
-1
-1 + (-73 - -135) - 55
6
What is the value of (-24 + -35 + 70 - (8 + -2 + 2)) + -42?
-39
What is (-2 - -1) + 9 + 26 + -78 + 46?
2
Evaluate 336 - 257 - (1 + 2) - 13.
63
What is the value of -2119 - -2068 - ((0 - 1) + 20)?
-70
Evaluate -44 + 101 + -21 + 2 + 11.
49
Calculate -10 + -1 + 48 + -511 + 521 + (16 - 2).
61
(1 - -13) + (-12 - (-65 - -76))
-9
11 - (-11 - (2 + 0 + 2))
26
What is 0 - (40 + 91) - -77?
-54
What is (-15 - 2 - (-104 - -79)) + -14 - -96?
90
What is 0 + (4 - 4) + (-8 - 1 - (-727 + 691))?
27
Calculate -417 + 418 + (-30 - -9).
-20
-33 + 14 + 14 + 11
6
(142 - -32 - 160) + -145
-131
What is -5 + 13 - -1 - ((13 - -41) + -6)?
-39
Evaluate 8 - (((-22 - -24) + (4 - 18) - -23) + 83).
-86
What is the value of 50 + -2 - (-945 - -890)?
103
16 - (-3 - -1) - (-1176 - -1224)
-30
What is the value of -13 + -4 - (-25 - 70 - (8 - 2))?
84
Evaluate (-378 - -433) + 8 + -101.
-38
Evaluate -9 + 23 + (-6 - 2 - -57) + -2.
61
Evaluate -12 - (25 + -41 + -40).
44
What is -72 + 44 - (30 + -6 + 0)?
-52
-2 + (10 - -7) + -4 + 4 + (-25 - -21)
11
Evaluate (-49 - 2) + 69 - (54 - 1).
-35
-40 + -37 + 82 - ((-28 + -5 - 2) + 2)
38
Calculate 4 + -1 - (-65 + 12 + 23) - -6 - -14.
53
What is (65 - (108 + -6)) + 67?
30
Evaluate 13 + (4 - 3) - (-36 - (25 - 116) - -20).
-61
24 + -10 + 13 + -6 + -76
-55
Evaluate 12 - (69 - 149 - -151).
-59
0 + -33 + (-25 + 29 - -2) + (-2 - -2)
-27
Calculate (-16 + 47 - (-69 - -61)) + -14.
25
What is the value of -1193 - -1196 - ((-6 - -1) + -15)?
23
(30 - (92 + 19)) + -9 - (-9 - (-2 + -2))
-85
Evaluate (-82 + 97 - -4) + -140.
-121
Calculate -4 - (-10 + 13) - -21 - (16 - 16).
14
What is 55 - ((5 - 1) + (46 - 44))?
49
Evaluate -47 + 0 - 0 - (-6 + 316 + -311).
-46
Calculate (-17 - (-17 + 10)) + -1 + -1 + -54.
-66
Evaluate 5 + 1 - ((16 - 1 - 3) + (-187 - -193)).
-12
Evaluate 1 - 5 - (-63 + (124 - 56)).
-9
What is (19 - -2 - 3) + (-3 - (-33 - -35))?
13
-1 - (5 + (-16 + -53 - -15))
48
What is -17 - (18 - (-10 - -21 - -24))?
0
What is -11 + -138 + 82 - -121?
54
What is the value of (-4827 - -4836 - ((1 - (2 - 2)) + 14)) + 84?
78
Evaluate -5 + 18 - 19 - -15 - (22 - -1).
-14
What is 11 + -7 - 106 - (-5 - (3 + -10 + -1))?
-105
Calculate 0 + (-3 - 3) + (-42 - (-199 - -198)).
-47
What is -8 + -1 + (-34 + 40 - (-29 + 10))?
16
Calculate 127 + -14 + -38 + -75.
0
Calculate 52 - (59 - 37) - 25.
5
Calculate (-70 - 41 - -140) + (-3 - 31).
-5
Calculate (-16 - -34) + 5 + -16 + 2 + (-12 - -25).
22
-39 - (-24 - (-56 - -37))
-34
What is the value of -5 + -4 - 6 - (96 - 110)?
-1
What is the value of 3 + -8 + (-13 - (-7 - (-6 - -13)))?
-4
What is 30 + 0 + (34599 - 34665)?
-36
-9 + 11 + 24 + -20 + 11
17
40 - 1 - ((-24 - -45 - 25) + 11)
32
What is -82 - ((55 - -81) + -107)?
-111
Evaluate -74 + -40 + 133 + 23.
42
96 - (-156 + 173 + -55)
134
-130 + (12 - (23 + -16) - -8 - 7)
-124
What is the value of (-27 - -15) + (15 + -14 - (-56 - 1))?
46
-7 + 67 + 31 + -31 + 18
78
-9 + (-11 - 33) + (-4 - 8 - -23)
-42
What is 1 - -13 - (18 + 8 + -24)?
12
What is 1 + -11 - (-522 - -512) - -35?
35
What is the value of 3 + 32 - (10 + -21 + 6 + 10)?
30
Calculate -3 + 3 + 50 - (8 + -4 + 6).
40
What is the value of (-32 - 2) + (-82 - -106) - (-27 - -1)?
16
What is -11 + (31 + -12 - 0) + 0?
8
21 + -5 + -14 - -14 - -30
46
What is -23 + (-5 + (2 - -7) + 4 - 2)?
-17
Calculate -59 + -19 + (30 - (-10 + 22)) + -1 + 10.
-51
Calculate (75 - 105) + -6 - -87.
51
Calculate (1 - -6) + -2 + -5 + (42 - 35) + -14.
-7
Evaluate (-83 - -55) + (39 - 0).
11
Calculate -90 - (50 + -52 - (9 - (6 + 1) - 5)).
-91
What is the value of (812 - 803) + (-20 + -2 - -2) + -8?
-19
What is -5 - (66 + -8 + 7 + -22)?
-48
What is the value of -18 + -4 - -36 - -25?
39
Evaluate 0 + 26 + 0 + -24 - (-6 + 4 - 0).
4
(-35 - 10) + 122 + -20 + 0 + 2
59
Calculate -2 + -1 + -159 + 341 + -97.
82
What is the value of (-15 - (-8 + (24 - 16))) + -17?
-32
Evaluate 59 - (66 - (28 - 0)) - (-1 - 29).
51
What is -26 + (12 - 6) - -3 - (6 - 14)?
-9
What is the value of 9 - (-9 + 52) - (7 - (7 + 15))?
-19
What is -123 + 122 - (-49 - -1) - (0 - -20)?
27
88 + -36 + -84 + 1
-31
What is the value of -1 - 14 - (-37 - (-22 - -7))?
7
What is the value of -10 + (27 - (13 - (3 + 3) - -2))?
8
What is (-3 - -49) + -22 + -11 + 33 + 10?
56
Evaluate (-49 + 18 + -5 - -33) + -45.
-48
What is (9 + -4 - (14 + (7 - (-18 + 36)))) + -41?
-39
Calculate -30 - (-9 + -23) - -24.
26
Evaluate (5 - 20) + 34 - 57.
-38
Calculate -119 + (-40 - -14 - -55).
-90
Calculate (86 - -1) + (-43 - 71) + 78.
51
23 - (31 + 15) - -77
54
Evaluate (-10 - (-5 - -4) - -147 - -2) + (-43 - -32).
129
Calculate 1664 - 1705 - (2 + -54).
11
Calculate -39 - (-27 + 18) - -44 - (-4 - 1).
19
(5 - (6 + 5) - -15) + -93 + 76 - -88
80
What is the value of 63 + -96 + (25 - -131)?
123
13 + (-85 -